o base 10.
175156
What is -1535a7 (base 13) in base 8?
-1772707
What is 224424013 (base 6) in base 2?
1111110010110100001001
-10001111101000100111 (base 2) to base 14
-114595
What is 40242 (base 10) in base 5?
2241432
435657 (base 8) to base 15
2d56b
What is 3330123133 (base 4) in base 3?
1221112022111
Convert -3a8845 (base 13) to base 5.
-330342344
-1bbb4 (base 16) to base 3
-12202210222
Convert 13114005 (base 6) to base 11.
273a49
1426642 (base 8) to base 4
1202312202
Convert -53c56 (base 13) to base 15.
-2ed4a
What is 3766a (base 12) in base 8?
222762
Convert -101254554 (base 6) to base 11.
-a95378
Convert 5da8 (base 16) to base 6.
303000
What is -41b48 (base 15) in base 2?
-110010111000100010
Convert 56016 (base 9) to base 13.
13c11
Convert -729907 (base 11) to base 3.
-2012102112202
What is -155032 (base 16) in base 4?
-11111000302
What is -231654 (base 7) in base 9?
-62823
-85740 (base 9) to base 14
-16968
What is -43150 (base 14) in base 15?
-330ac
-2eb9f4 (base 16) to base 9
-5676561
Convert 6049e (base 15) to base 8.
1123237
16452426 (base 7) to base 13
444813
-821cc (base 13) to base 12
-b2b6b
587546 (base 12) to base 11
892072
-4766346 (base 11) to base 2
-11111101100110001010110
Convert 1131332222 (base 4) to base 9.
646028
Convert a0507a (base 12) to base 9.
4625274
Convert 1c638c (base 13) to base 15.
e59c0
What is 102221110221220 (base 3) in base 10?
6347373
What is 344130 (base 5) in base 6?
133251
Convert -30a0b (base 13) to base 5.
-10244014
111e12 (base 15) to base 6
25300142
What is 22120153 (base 7) in base 11?
1090622
Convert 7caad (base 16) to base 8.
1745255
What is 313240202 (base 5) in base 4?
10332301031
1010011011000011000011 (base 2) to base 9
5123817
Convert -2291b (base 14) to base 13.
-2c38c
What is 21344332 (base 6) in base 7?
5256215
-2836573 (base 10) to base 5
-1211232243
Convert 403335421 (base 6) to base 12.
2381571
What is 13853a5 (base 14) in base 12?
3205385
345274 (base 9) to base 14
55769
Convert -1245088 (base 10) to base 2.
-100101111111110100000
-120c70 (base 13) to base 7
-3442126
What is 1115700 (base 8) in base 10?
302016
What is -43563 (base 11) in base 3?
-10012201220
What is -13244022 (base 5) in base 15?
-29bac
What is -113019 (base 11) in base 12?
-87bb5
Convert 13104001 (base 5) to base 15.
281a1
100012011120122 (base 3) to base 7
56343113
Convert 1132837 (base 10) to base 13.
308824
What is 101021112 (base 5) in base 14?
a87c5
What is 1787b8 (base 15) in base 10?
1142498
Convert -9c718 (base 15) to base 16.
-7983b
1011111110000001 (base 2) to base 11
33919
What is -562107 (base 8) in base 3?
-100121221221
What is 112030222 (base 4) in base 8?
261452
Convert -1011111010100110111111 (base 2) to base 6.
-150541155
What is -3331030311 (base 4) in base 15?
-157459
14605231 (base 7) to base 9
2558057
-2827675 (base 10) to base 2
-1010110010010110011011
What is 4882b (base 16) in base 2?
1001000100000101011
Convert 1349017 (base 14) to base 5.
4341241024
What is -3909074 (base 10) in base 16?
-3ba5d2
Convert -126331 (base 15) to base 16.
-d73bc
Convert 1401a48 (base 11) to base 5.
1104341413
What is 4cd0eb (base 16) in base 14?
9508b1
What is -1174678 (base 10) in base 2?
-100011110110010010110
Convert -4200120 (base 7) to base 16.
-7b1d1
-22033030 (base 4) to base 15
-c657
Convert -332130314 (base 6) to base 9.
-12230141
Convert -1020200222100 (base 3) to base 16.
-a1f4c
Convert -101020120110121 (base 3) to base 4.
-110301003013
What is -109722 (base 13) in base 15?
-7b36c
1400023210 (base 5) to base 12
1217589
Convert 155443412 (base 6) to base 12.
1156568
-300432 (base 5) to base 2
-10010100010100
What is -26711754 (base 8) in base 3?
-102021220201010
Convert 31500353 (base 7) to base 13.
72757a
Convert 122443333 (base 5) to base 3.
1010011020221
Convert 1110201202200 (base 3) to base 14.
165006
What is -154792 (base 12) in base 2?
-1011000000001011110
What is -100120220111 (base 3) in base 15?
-3adcd
541964 (base 11) to base 7
10235453
-233042245 (base 6) to base 10
-4344725
What is 220535011 (base 6) in base 11?
2267480
-106636106 (base 7) to base 4
-121012221311
Convert 6a401a (base 13) to base 10.
2522179
Convert ea0dc (base 16) to base 11.
5a5301
What is -599694 (base 13) in base 9?
-4012780
Convert -121102012202 (base 3) to base 16.
-4ee1e
What is 52513315 (base 6) in base 10?
1533935
381930 (base 10) to base 14
9d28a
Convert 17c4e (base 16) to base 3.
11221112212
What is 101001000110110011 (base 2) in base 14?
45507
Convert -243160 (base 7) to base 10.
-44338
What is -120111101101110 (base 3) in base 7?
-126665640
What is -b213ba (base 13) in base 15?
-56cda2
Convert 107299 (base 16) to base 12.
43b961
What is -1630b1 (base 14) in base 11?
-490608
Convert 1351116 (base 9) to base 11.
467704
Convert -101100110000001000010 (base 2) to base 8.
-5460102
2594a08 (base 12) to base 7
116664512
Convert -20d5627 (base 14) to base 10.
-15573411
What is -40ba4 (base 12) in base 15?
-1a137
10111021201001 (base 3) to base 13
4cc924
-33fb1d (base 16) to base 6
-201003221
What is c7342 (base 15) in base 6?
21313142
Convert -23101314 (base 5) to base 3.
-101111012122
What is -a245 (base 11) in base 10?
-13601
Convert 2997d (base 14) to base 16.
193eb
-5116c0 (base 13) to base 14
-372293
-131033122 (base 4) to base 15
-2574a
Convert -a4273 (base 11) to base 4.
-211013320
What is 2412230 (base 6) in base 10?
126234
-6154014 (base 7) to base 13
-1ca073
-220333200 (base 4) to base 13
-5b569
-235478 (base 9) to base 16
-229fd
-746a (base 15) to base 10
-24625
What is 7303c (base 14) in base 15?
571ed
What is -11411200 (base 5) in base 3?
-12102211211
What is -10101010121022 (base 3) in base 15?
-256755
Convert -199511 (base 10) to base 14.
-529cb
What is -292a10 (base 14) in base 2?
-101011100110101110110
13302310 (base 4) to base 8
76264
-1a53a7 (base 11) to base 5
-40031341
Convert -2eb0d (base 15) to base 9.
-250104
Convert -403513511 (base 6) to base 2.
-11010010100011011110011
What is -c627 (base 15) in base 11?
-2951a
e41517 (base 15) to base 16
a56100
-1133063 (base 8) to base 16
-4b633
What is 50b06 (base 13) in base 12?
6b87a
What is -203203 (base 4) in base 2?
-100011100011
-636206 (base 13) to base 15
-30e712
165724 (base 11) to base 7
2115411
What is -22265662 (base 7) in base 14?
-384369
455451454 (base 6) to base 10
8389402
What is -322121133 (base 4) in base 15?
-4ad19
Convert -71434 (base 10) to base 15.
-16274
-ad928b (base 14) to base 9
-12086172
What is b0d (base 14) in base 3?
2222100
33431713 (base 8) to base 3
111120221000121
515580 (base 9) to base 7
2412630
751360 (base 8) to base 9
421683
What is 4445189 (base 11) in base 8?
35572255
95984 (base 12) to base 4
300000310
Convert -100000110110110100 (base 2) to base 9.
-224543
1122351254 (base 6) to base 2
101111011101010000110010
What is 8134a2 (base 13) in base 9?
5581777
-540032 (base 7) to base 6
-2001342
What is -21bf2 (base 16) in base 3?
-21000121111
What is -312343241 (base 5) in base 15?
-1a8431
-16147 (base 14) to base 15
-1150e
-597365 (base 10) to base 6
-20445325
-1130213000 (base 4) to base 11
-239aa4
Convert -1387cc (base 13) to base 3.
-220011211001
What is -15531304 (base 6) in base 4?
-2013310120
What is -19a170a (base 11) in base 8?
-14665222
Convert -71251 (base 11) to base 10.
-104116
Convert 26355303 (base 7) to base 9.
4483776
-7168689 (base 10) to base 16
-6d62b1
Convert 10685834 (base 10) to base 4.
220300312022
What is -12332232333 (base 4) in base 12?
-742b13
What is 15461 (base 12) in base 2?
111010101001001
Convert 2130014431 (base 5) to base 8.
21224413
2265354 (base 7) to base 6
10040243
Convert 1315025 (base 6) to base 9.
120248
What is -619c3 (base 13) in base 12?
-854b7
1411166 (base 7) to base 13
6759b
Convert 14db6 (base 15) to base 11.
46560
Convert -213053234 (base 6) to base 14.
-707c22
Convert 653aa (base 11) to base 2.
10111001100001000
What is -11011111010110000 (base 2) in base 12?
-56214
What is -101223120103 (base 4) in base 7?
-54250405
Convert 5a95dc (base 15) to base 2.
10000100010010011110000
-2318988 (base 12) to base 8
-31610170
10000110011011001 (base 2) to base 10
68825
3bad (base 15) to base 5
402023
Convert 12000110221 (base 3) to base 6.
2041124
Convert 766a9 (base 13) to ba